{"id":875,"date":"2023-01-14T12:00:58","date_gmt":"2023-01-14T12:00:58","guid":{"rendered":"https:\/\/novo.dec-kroatio.hr\/about\/"},"modified":"2023-02-10T19:14:15","modified_gmt":"2023-02-10T19:14:15","slug":"pokrovitelji","status":"publish","type":"page","link":"https:\/\/novo.dec-kroatio.hr\/hr\/pokrovitelji\/","title":{"rendered":"Pokrovitelji"},"content":{"rendered":"\n\n<h2>Pokrovitelji<\/h2>\n\n<p>Pokroviteljstvo nad 11. kongresom hrvatskih esperantista svojim su odlukama prihvatili <a href=\"https:\/\/novo.dec-kroatio.hr\/wp-content\/uploads\/2023\/02\/pokrov-gr-dj.pdf\"><strong xmlns=\"http:\/\/www.w3.org\/1999\/xhtml\"><em>Grad \u0110ur\u0111evac<\/em><\/strong><\/a><strong><em><\/em><\/strong> i <strong><em><a href=\"https:\/\/novo.dec-kroatio.hr\/wp-content\/uploads\/2023\/02\/pokrov-kkz.pdf\">Koprivni\u010dko-kri\u017eeva\u010dka \u017eupanija<\/a><\/em><\/strong>.<\/p>\n\n\n\n\n\n\n\n\n\n\n","protected":false},"excerpt":{"rendered":"","protected":false},"author":1,"featured_media":0,"parent":0,"menu_order":0,"comment_status":"closed","ping_status":"closed","template":"","meta":[],"_links":{"self":[{"href":"https:\/\/novo.dec-kroatio.hr\/hr\/wp-json\/wp\/v2\/pages\/875"}],"collection":[{"href":"https:\/\/novo.dec-kroatio.hr\/hr\/wp-json\/wp\/v2\/pages"}],"about":[{"href":"https:\/\/novo.dec-kroatio.hr\/hr\/wp-json\/wp\/v2\/types\/page"}],"author":[{"embeddable":true,"href":"https:\/\/novo.dec-kroatio.hr\/hr\/wp-json\/wp\/v2\/users\/1"}],"replies":[{"embeddable":true,"href":"https:\/\/novo.dec-kroatio.hr\/hr\/wp-json\/wp\/v2\/comments?post=875"}],"version-history":[{"count":3,"href":"https:\/\/novo.dec-kroatio.hr\/hr\/wp-json\/wp\/v2\/pages\/875\/revisions"}],"predecessor-version":[{"id":881,"href":"https:\/\/novo.dec-kroatio.hr\/hr\/wp-json\/wp\/v2\/pages\/875\/revisions\/881"}],"wp:attachment":[{"href":"https:\/\/novo.dec-kroatio.hr\/hr\/wp-json\/wp\/v2\/media?parent=875"}],"curies":[{"name":"wp","href":"https:\/\/api.w.org\/{rel}","templated":true}]}}

<h2>Pokrovitelji</h2>

<p>Pokroviteljstvo nad 11. kongresom hrvatskih esperantista svojim su odlukama prihvatili <a href="https://novo.dec-kroatio.hr/wp-content/uploads/2023/02/pokrov-gr-dj.pdf"><strong xmlns="http://www.w3.org/1999/xhtml"><em>Grad Đurđevac</em></strong></a><strong><em></em></strong> i <strong><em><a href="https://novo.dec-kroatio.hr/wp-content/uploads/2023/02/pokrov-kkz.pdf">Koprivničko-križevačka županija</a></em></strong>.</p>
