{"id":2007,"date":"2024-12-06T12:00:58","date_gmt":"2024-12-06T12:00:58","guid":{"rendered":"https:\/\/novo.dec-kroatio.hr\/about\/"},"modified":"2024-12-07T18:21:20","modified_gmt":"2024-12-07T18:21:20","slug":"vise-detalja-kongres-slavonski-brod-2025","status":"publish","type":"page","link":"https:\/\/novo.dec-kroatio.hr\/hr\/vise-detalja-kongres-slavonski-brod-2025\/","title":{"rendered":"Vi\u0161e detalja"},"content":{"rendered":"\n\n\r\n<h2><b>Vi\u0161e detalja<\/b><\/h2>\r\n\n<p><a href=\"mailto:dec.kroatio@gmail.com\" target=\"mailto:dec.kroatio@gmail.com\" rel=\"noopener\"><\/a><\/p><p>Slavonski Brod je industrijsko, kulturno i upravno sredi\u0161te Brodsko-posavske \u017eupanije u isto\u010dnom dijelu Hrvatske. Sa oko 53.000 stanovnika, nakon Osijeka drugi je po veli\u010dini grade u Slavoniji, a \u0161esti u Hrvatskoj. U vrijeme Rimljana nazivao se Marsonia, a od 1244. do 1945. bio je poznat kao Brod na Savi. To ime duguje rijeci Savi na \u010dijoj obali le\u017ei, a koja je prirodna granica izme\u0111u Hrvatske i Bosne i Hercegovine. Na drugoj strani Save u Bosni i Hercegovini smje\u0161ten je Brod (raniji Bosanski Brod). U Slavonskom Brodu je razvijena metalna, poljoprivredna i drvna industrija.<\/p><br><p><span style=\"white-space: normal;\"><span style=\"white-space:pre\">\t<\/span>Slavonski Brod je u pro\u0161losti bio jednim od najva\u017enijih sredi\u0161ta esperanta u Hrvatskoj i biv\u0161oj Jugoslaviji. Desetlje\u0107ima je u njemu djelovalo jako esperantsko dru\u0161tvo, a zna\u010dajan podstrek esperantu dao je tiskar i esperantist Vilim Buk (1891.-1962.), koji je od 1932. godine izdavao nadaleko poznat esperantski \u010dasopis \u201eLa Suda Stelo\u201d (<a href=\"https:\/\/library.foi.hr\/zbirka\/dechr\"><strong>https:\/\/library.foi.hr\/zbirka\/dechr<\/strong><\/a>).<\/span><\/p><br><p><strong style=\"font-size: 18px;\">KAKO DO\u0106I U SLAVONSKI BROD?<\/strong><\/p><br><p><span style=\"white-space: normal;\"><span style=\"white-space:pre\">\t<\/span>Iz balkanskih zemalja najjednostavnije je u Slavonski Brod do\u0107i preko Beograda, a iz zapadnoeuropskih i srednjoeuropskih zemalja preko Zagreba. I Zagreb i Beograd imaju me\u0111unarodne zra\u010dne luke koje su dobro povezane s brojnim zemljama. Iz Beograda postoje autobusne linije do Osijeka, odakle je do Slavonskog Broda mogu\u0107e do\u0107i vlakom i autobusom. Iz Zagreba pak svakodnevno postoji ve\u0107i broj autobusnih i \u017eeljezni\u010dkih linija do Slavonskog Broda. Budu\u0107i da kroz Slavonski Brod prolazi glavna cestovna prometnica koja povezuje Zagreb i Beograd, do Slavonskog Broda se jednostavno dolazi i osobnim automobilima, a kako je u neposrednoj blizini grada grani\u010dni prijelaz izme\u0111u Hrvatske i Bosne i Hercegovine, kroz Slavonski Brod prolaze brojne me\u0111unarodne autobusne linije.<\/span><\/p><p><span style=\"white-space: normal;\"><br><\/span><span style=\"white-space: pre; white-space: normal;\">\t\t<\/span><span style=\"font-size: 18px;\"><strong>POKROVITELJ KONGRESA<\/strong><\/span><\/p><p><strong><\/strong><\/p><p><span style=\"white-space: normal;\"><span style=\"white-space:pre\">\t<\/span>Trinaesti kongres hrvatskih esperantista odr\u017eava se pod pokroviteljstvom Grada Slavonskog Broda.<\/span><\/p><span style=\"white-space: normal;\"><br><\/span><p><span style=\"font-size: 18px;\"><strong>MJESTA ODR\u017dAVANJA KONGRESNIH PROGRAMA<\/strong><\/span><\/p><span style=\"font-size: 18px;\"><strong><\/strong><\/span><span style=\"font-size: 18px;\"><strong><\/strong><\/span><span style=\"font-size: 18px;\"><strong><\/strong><\/span><p><strong><\/strong><\/p><br><p><span style=\"white-space: normal;\"><span style=\"white-space:pre\">\t<\/span>Sve\u010dani program kongresa odr\u017eat \u0107e se 17. svibnja 2025. godine od 8,00 do 14,00 sati u dvorani Glazbene \u0161kole Slavonski Brod, Vukovarska ulica 1.<\/span><\/p><p><span style=\"white-space: normal;\"><span style=\"white-space:pre\">\t<\/span>Ostali programi (skup\u0161tina Hrvatskog saveza za esperanto, promocije knjiga, ve\u010der upoznavanja, programi iz projekta Erasmus+ itd.) odr\u017eavat \u0107e se na vi\u0161e mjesta u gradu, o \u010demu \u0107e podrobnije informacije biti objavljene u Kongresnoj knjizi.<\/span><\/p>\n\n\n\n","protected":false},"excerpt":{"rendered":"","protected":false},"author":1,"featured_media":0,"parent":0,"menu_order":0,"comment_status":"closed","ping_status":"closed","template":"","meta":[],"_links":{"self":[{"href":"https:\/\/novo.dec-kroatio.hr\/hr\/wp-json\/wp\/v2\/pages\/2007"}],"collection":[{"href":"https:\/\/novo.dec-kroatio.hr\/hr\/wp-json\/wp\/v2\/pages"}],"about":[{"href":"https:\/\/novo.dec-kroatio.hr\/hr\/wp-json\/wp\/v2\/types\/page"}],"author":[{"embeddable":true,"href":"https:\/\/novo.dec-kroatio.hr\/hr\/wp-json\/wp\/v2\/users\/1"}],"replies":[{"embeddable":true,"href":"https:\/\/novo.dec-kroatio.hr\/hr\/wp-json\/wp\/v2\/comments?post=2007"}],"version-history":[{"count":6,"href":"https:\/\/novo.dec-kroatio.hr\/hr\/wp-json\/wp\/v2\/pages\/2007\/revisions"}],"predecessor-version":[{"id":2016,"href":"https:\/\/novo.dec-kroatio.hr\/hr\/wp-json\/wp\/v2\/pages\/2007\/revisions\/2016"}],"wp:attachment":[{"href":"https:\/\/novo.dec-kroatio.hr\/hr\/wp-json\/wp\/v2\/media?parent=2007"}],"curies":[{"name":"wp","href":"https:\/\/api.w.org\/{rel}","templated":true}]}}

Više detalja

<h2><b>Više detalja</b></h2>

<p><a href="mailto:dec.kroatio@gmail.com" target="mailto:dec.kroatio@gmail.com" rel="noopener"></a></p><p>Slavonski Brod je industrijsko, kulturno i upravno središte Brodsko-posavske županije u istočnom dijelu Hrvatske. Sa oko 53.000 stanovnika, nakon Osijeka drugi je po veličini grade u Slavoniji, a šesti u Hrvatskoj. U vrijeme Rimljana nazivao se Marsonia, a od 1244. do 1945. bio je poznat kao Brod na Savi. To ime duguje rijeci Savi na čijoj obali leži, a koja je prirodna granica između Hrvatske i Bosne i Hercegovine. Na drugoj strani Save u Bosni i Hercegovini smješten je Brod (raniji Bosanski Brod). U Slavonskom Brodu je razvijena metalna, poljoprivredna i drvna industrija.</p><br><p><span style="white-space: normal;"><span style="white-space:pre">	</span>Slavonski Brod je u prošlosti bio jednim od najvažnijih središta esperanta u Hrvatskoj i bivšoj Jugoslaviji. Desetljećima je u njemu djelovalo jako esperantsko društvo, a značajan podstrek esperantu dao je tiskar i esperantist Vilim Buk (1891.-1962.), koji je od 1932. godine izdavao nadaleko poznat esperantski časopis „La Suda Stelo” (<a href="https://library.foi.hr/zbirka/dechr"><strong>https://library.foi.hr/zbirka/dechr</strong></a>).</span></p><br><p><strong style="font-size: 18px;">KAKO DOĆI U SLAVONSKI BROD?</strong></p><br><p><span style="white-space: normal;"><span style="white-space:pre">	</span>Iz balkanskih zemalja najjednostavnije je u Slavonski Brod doći preko Beograda, a iz zapadnoeuropskih i srednjoeuropskih zemalja preko Zagreba. I Zagreb i Beograd imaju međunarodne zračne luke koje su dobro povezane s brojnim zemljama. Iz Beograda postoje autobusne linije do Osijeka, odakle je do Slavonskog Broda moguće doći vlakom i autobusom. Iz Zagreba pak svakodnevno postoji veći broj autobusnih i željezničkih linija do Slavonskog Broda. Budući da kroz Slavonski Brod prolazi glavna cestovna prometnica koja povezuje Zagreb i Beograd, do Slavonskog Broda se jednostavno dolazi i osobnim automobilima, a kako je u neposrednoj blizini grada granični prijelaz između Hrvatske i Bosne i Hercegovine, kroz Slavonski Brod prolaze brojne međunarodne autobusne linije.</span></p><p><span style="white-space: normal;"><br></span><span style="white-space: pre; white-space: normal;">		</span><span style="font-size: 18px;"><strong>POKROVITELJ KONGRESA</strong></span></p><p><strong></strong></p><p><span style="white-space: normal;"><span style="white-space:pre">	</span>Trinaesti kongres hrvatskih esperantista održava se pod pokroviteljstvom Grada Slavonskog Broda.</span></p><span style="white-space: normal;"><br></span><p><span style="font-size: 18px;"><strong>MJESTA ODRŽAVANJA KONGRESNIH PROGRAMA</strong></span></p><span style="font-size: 18px;"><strong></strong></span><span style="font-size: 18px;"><strong></strong></span><span style="font-size: 18px;"><strong></strong></span><p><strong></strong></p><br><p><span style="white-space: normal;"><span style="white-space:pre">	</span>Svečani program kongresa održat će se 17. svibnja 2025. godine od 8,00 do 14,00 sati u dvorani Glazbene škole Slavonski Brod, Vukovarska ulica 1.</span></p><p><span style="white-space: normal;"><span style="white-space:pre">	</span>Ostali programi (skupština Hrvatskog saveza za esperanto, promocije knjiga, večer upoznavanja, programi iz projekta Erasmus+ itd.) održavat će se na više mjesta u gradu, o čemu će podrobnije informacije biti objavljene u Kongresnoj knjizi.</span></p>
