{"id":1153,"date":"2023-01-14T12:00:58","date_gmt":"2023-01-14T12:00:58","guid":{"rendered":"https:\/\/novo.dec-kroatio.hr\/about\/"},"modified":"2023-12-06T21:12:24","modified_gmt":"2023-12-06T21:12:24","slug":"vise-detalja-kongres-prvic-luka-2024","status":"publish","type":"page","link":"https:\/\/novo.dec-kroatio.hr\/eo\/vise-detalja-kongres-prvic-luka-2024\/","title":{"rendered":"Pliaj detaloj"},"content":{"rendered":"<h2><b>Pliaj detaloj<\/b><\/h2>\r\n\n<p><a href=\"mailto:dec.kroatio@gmail.com\" target=\"mailto:dec.kroatio@gmail.com\" rel=\"noopener\"><\/a><\/p><p><span><a href=\"https:\/\/novo.dec-kroatio.hr\/eo\/otok-prvic\/\" target=\"https:\/\/novo.dec-kroatio.hr\/hr\/otok-prvic\/\" rel=\"noopener\"><\/a><a href=\"tel:+38598248574\" target=\"tel:+38598248574\" rel=\"noopener\"><\/a>La tradicio okazigi kongresojn de kroataj esperantistoj datas ekde 1997, kiam en Zagrebo okazis la unua tia aran\u011do. Sekvis la urboj Vara\u017edin (1998), Osijek (1999), \u0110ur\u0111evac (2000), Rijeka (2002), Zagreb (2003), Zabok (2005), Velika Gorica (2010), Bjelovar (2011), Koprivnica (2012) kaj \u0110ur\u0111evac (2023). Dum la 11-a kongreso okazinta en \u0110ur\u0111evac en 2023, Kroata Esperanto-Ligo decidis komisii koncesion por organizado de kongreso de kroataj esperantistoj al Dokumenta Esperanto-Centro el \u0110ur\u0111evac por periodo de kvin jaroj.&nbsp;<\/span><\/p>\n<p>La 12-a kongreso okazos inter la 21-a kaj 28-a de junio 2024 en <a href=\"https:\/\/novo.dec-kroatio.hr\/eo\/otok-prvic\/\"><strong xmlns=\"http:\/\/www.w3.org\/1999\/xhtml\"><u>Prvi\u0107 Luka<\/u><\/strong><\/a><strong><u><\/u><\/strong> sur la insulo Prvi\u0107 en la Arkipelago de \u0160ibenik, pri kiu vi povas trovi kelkajn fotojn en la <a href=\"https:\/\/novo.dec-kroatio.hr\/eo\/fotografije-prvic\/\"><strong><u>foto-galerio<\/u><\/strong><\/a>. Por postaj jaroj oni esploras la eblecojn okazigi \u0109i tiun aran\u011don en Slavonski Brod (2025), Karlovac (2026), Delnice (2027) kaj Vukovar (2028).&nbsp;<\/p>\n&nbsp;\n<p><span> Kongreso de kroataj esperantistoj volas fari\u011di pli ol nura nacia kongreso. Esperantistoj de pluraj landoj eprimis la deziron partopreni, \u0109ar en E\u016dropo kaj anka\u016d mondskale mankas similaj malgrandaj aran\u011doj. Sekve, la organizantoj invitas ne nur kroatajn esperantistojn, sed anka\u016d samideanojn el aliaj (aparte el najbaraj kaj proksimaj) landoj por ali\u011di kaj partopreni. La kongreso okazonta en Prvi\u0107 Luka estos speciala pro pluraj aferoj: unue, \u0109ar kiel unua tia aran\u011do \u011di okazos en Dalmatio kaj da\u016dros unu semajnon. Unika \u011di estos anka\u016d pro la fakto, ke \u011di okazos sur kvieta insulo sen a\u016dtomobila trafiko kaj granda turisma tumulto, sed tamen proksime al la bordo. \u011ci estos unika anka\u016d \u0109ar \u011di estos pli le\u011dera, dedi\u0109ita al ripozo kaj sinbanado en la maro dumtage, kaj al kulturaj kaj laboraj programoj dum posttagmezoj kaj  vesperoj.<\/span><\/p>\n&nbsp;\n<p><span> Ni atentigas vin, ke nombro de disponeblaj litoj estas limigita, kaj ke estas necese strikte respekti ali\u011ddatojn, por \u011dustatempe certigi lo\u011dadon. La lo\u011dado estas hosteltipa, respektive pli modesta ol kutime, sed \u011di ebligas interesan somerumadon kontra\u016d malalta prezo, kio malfacile troveblas sur la adriatika marbordo. Pro tio eluzu \u0109i tiun eblecon kaj regalu vin per agrabla somerumado, \u0109ar dum kvar postaj jaroj, la kongresoj okazos en la interno de la lando.&nbsp;<\/span><\/p>\n&nbsp;\n<p><span> Kongresajn aktuala\u0135ojn sekvu en nia retejo, kaj pri \u0109iuj demandoj skribu al la organizantoj: <strong><a href=\"mailto:dec.kroatio@gmail.com\">dec.kroatio@gmail.com<\/a><\/strong> a\u016d telefonu al la kongresa sekretario: <strong><a href=\"tel:+385 98 248 574\">+385 98 248 574<\/a><\/strong> (Josip Pleadin).<\/span><\/p>","protected":false},"excerpt":{"rendered":"","protected":false},"author":1,"featured_media":0,"parent":0,"menu_order":0,"comment_status":"closed","ping_status":"closed","template":"","meta":[],"_links":{"self":[{"href":"https:\/\/novo.dec-kroatio.hr\/eo\/wp-json\/wp\/v2\/pages\/1153"}],"collection":[{"href":"https:\/\/novo.dec-kroatio.hr\/eo\/wp-json\/wp\/v2\/pages"}],"about":[{"href":"https:\/\/novo.dec-kroatio.hr\/eo\/wp-json\/wp\/v2\/types\/page"}],"author":[{"embeddable":true,"href":"https:\/\/novo.dec-kroatio.hr\/eo\/wp-json\/wp\/v2\/users\/1"}],"replies":[{"embeddable":true,"href":"https:\/\/novo.dec-kroatio.hr\/eo\/wp-json\/wp\/v2\/comments?post=1153"}],"version-history":[{"count":13,"href":"https:\/\/novo.dec-kroatio.hr\/eo\/wp-json\/wp\/v2\/pages\/1153\/revisions"}],"predecessor-version":[{"id":1208,"href":"https:\/\/novo.dec-kroatio.hr\/eo\/wp-json\/wp\/v2\/pages\/1153\/revisions\/1208"}],"wp:attachment":[{"href":"https:\/\/novo.dec-kroatio.hr\/eo\/wp-json\/wp\/v2\/media?parent=1153"}],"curies":[{"name":"wp","href":"https:\/\/api.w.org\/{rel}","templated":true}]}}

<h2><b>Pliaj detaloj</b></h2>

<p><a href="mailto:dec.kroatio@gmail.com" target="mailto:dec.kroatio@gmail.com" rel="noopener"></a></p><p><span><a href="https://novo.dec-kroatio.hr/eo/otok-prvic/" target="https://novo.dec-kroatio.hr/hr/otok-prvic/" rel="noopener"></a><a href="tel:+38598248574" target="tel:+38598248574" rel="noopener"></a>La tradicio okazigi kongresojn de kroataj esperantistoj datas ekde 1997, kiam en Zagrebo okazis la unua tia aranĝo. Sekvis la urboj Varaždin (1998), Osijek (1999), Đurđevac (2000), Rijeka (2002), Zagreb (2003), Zabok (2005), Velika Gorica (2010), Bjelovar (2011), Koprivnica (2012) kaj Đurđevac (2023). Dum la 11-a kongreso okazinta en Đurđevac en 2023, Kroata Esperanto-Ligo decidis komisii koncesion por organizado de kongreso de kroataj esperantistoj al Dokumenta Esperanto-Centro el Đurđevac por periodo de kvin jaroj.&nbsp;</span></p>
<p>La 12-a kongreso okazos inter la 21-a kaj 28-a de junio 2024 en <a href="https://novo.dec-kroatio.hr/eo/otok-prvic/"><strong xmlns="http://www.w3.org/1999/xhtml"><u>Prvić Luka</u></strong></a><strong><u></u></strong> sur la insulo Prvić en la Arkipelago de Šibenik, pri kiu vi povas trovi kelkajn fotojn en la <a href="https://novo.dec-kroatio.hr/eo/fotografije-prvic/"><strong><u>foto-galerio</u></strong></a>. Por postaj jaroj oni esploras la eblecojn okazigi ĉi tiun aranĝon en Slavonski Brod (2025), Karlovac (2026), Delnice (2027) kaj Vukovar (2028).&nbsp;</p>
&nbsp;
<p><span> Kongreso de kroataj esperantistoj volas fariĝi pli ol nura nacia kongreso. Esperantistoj de pluraj landoj eprimis la deziron partopreni, ĉar en Eŭropo kaj ankaŭ mondskale mankas similaj malgrandaj aranĝoj. Sekve, la organizantoj invitas ne nur kroatajn esperantistojn, sed ankaŭ samideanojn el aliaj (aparte el najbaraj kaj proksimaj) landoj por aliĝi kaj partopreni. La kongreso okazonta en Prvić Luka estos speciala pro pluraj aferoj: unue, ĉar kiel unua tia aranĝo ĝi okazos en Dalmatio kaj daŭros unu semajnon. Unika ĝi estos ankaŭ pro la fakto, ke ĝi okazos sur kvieta insulo sen aŭtomobila trafiko kaj granda turisma tumulto, sed tamen proksime al la bordo. Ĝi estos unika ankaŭ ĉar ĝi estos pli leĝera, dediĉita al ripozo kaj sinbanado en la maro dumtage, kaj al kulturaj kaj laboraj programoj dum posttagmezoj kaj  vesperoj.</span></p>
&nbsp;
<p><span> Ni atentigas vin, ke nombro de disponeblaj litoj estas limigita, kaj ke estas necese strikte respekti aliĝdatojn, por ĝustatempe certigi loĝadon. La loĝado estas hosteltipa, respektive pli modesta ol kutime, sed ĝi ebligas interesan somerumadon kontraŭ malalta prezo, kio malfacile troveblas sur la adriatika marbordo. Pro tio eluzu ĉi tiun eblecon kaj regalu vin per agrabla somerumado, ĉar dum kvar postaj jaroj, la kongresoj okazos en la interno de la lando.&nbsp;</span></p>
&nbsp;
<p><span> Kongresajn aktualaĵojn sekvu en nia retejo, kaj pri ĉiuj demandoj skribu al la organizantoj: <strong><a href="mailto:dec.kroatio@gmail.com">dec.kroatio@gmail.com</a></strong> aŭ telefonu al la kongresa sekretario: <strong><a href="tel:+385 98 248 574">+385 98 248 574</a></strong> (Josip Pleadin).</span></p>
